) = 2*t**2 + 4*t - 14. Let a(o) = -o**2 - 3*o + 18. Let y be a(-5). List the prime factors of j(y).
2, 73
What are the prime factors of (4 + -8 + (-2094)/9)*-3?
2, 5, 71
Suppose 0 = g - 5, -4*t - 5*g + 25 = 0. Let m(u) = -2*u**3 - 1 + 6*u + t*u**2 - 5*u**2 - 7*u. List the prime factors of m(-4).
3, 17
Let u(s) = s**2 + 9*s + 4. Let t be u(-8). Let n be 8 + -2*(-2)/t. Let p = -1 + n. List the prime factors of p.
2, 3
Suppose -f - 2*p + 4*p = -6, 2*f = 5*p + 15. Let t = -5 - f. Let c = t - -10. What are the prime factors of c?
5
Suppose 3*f - 4*a = 5*f - 896, 3*a + 903 = 2*f. What are the prime factors of f?
2, 3, 5
Suppose -5*c - 20 = 5. Suppose -5 = t + 2*f - 14, 4*f = -3*t + 27. Let a = c + t. What are the prime factors of a?
2
Suppose 4*a = 2*y - 16, 0 = -5*y + 2*a + 17 + 15. Suppose -y*l = 3*l - 135. List the prime factors of l.
3, 5
Let j = 109 + -103. Let i(c) = 10*c**2 - 12*c + 24. What are the prime factors of i(j)?
2, 3, 13
Suppose -18*r + 13*r = -130. Suppose -4*s + 86 = -r. What are the prime factors of s?
2, 7
Let a be (-1)/(((-12)/562)/6). Let o = -82 + a. What are the prime factors of o?
199
Let x = -262 + 179. Let f = 58 - x. What are the prime factors of f?
3, 47
Let f be (-2)/(-3)*-1 + (-4292)/(-111). Suppose 3*b = w + 2*w - 6, 18 = -3*b - 3*w. List the prime factors of (f/b - -3)*-6.
3, 13
Let o(c) = 2*c**2 - 2*c + 6. Let a(b) = -b**3 - b**2 + 6. Let t be a(0). What are the prime factors of o(t)?
2, 3, 11
Let y(q) = -9*q. Let t be y(-2). Suppose -4*g + t = 2*g. List the prime factors of g.
3
Let c(b) = 369*b**2 + 13*b - 58. What are the prime factors of c(3)?
2, 13, 127
Let j(q) = -q**2 + 15*q - 12. Let k be j(14). List the prime factors of 1/k + 332/8.
2, 3, 7
Let s(t) = t**3 + 3*t**2 - 3*t - 8. Let b be s(-4). What are the prime factors of ((-976)/b)/(8/(-6) + 2)?
2, 61
Suppose 0 = 4*n - 5*a - 9, -4*a - a - 45 = 5*n. Let o be 42/n*80/(-12). Suppose o = 16*y - 14*y. List the prime factors of y.
5, 7
List the prime factors of (-22140)/(-5 + -1)*1.
2, 3, 5, 41
Let d(n) = -361*n + 1. Let b be d(7). List the prime factors of b/(-48) + 9/24.
53
Let k = -124 - -293. Let n be (165 + 1)/((-2)/(-1)). Suppose -6*o + k + n = 0. What are the prime factors of o?
2, 3, 7
Let t = -1314 - -1980. List the prime factors of t.
2, 3, 37
Let g(n) = 2*n + 52. Let r be g(-22). Suppose -w = -4*j - 65, -370 = -r*w + 3*w + 5*j. List the prime factors of w.
7, 11
Suppose 0 = 120*i - 117*i - 2328. List the prime factors of i.
2, 97
Let b(g) = g**3 + 14*g**2 - 18*g - 2. Let u be b(-15). Suppose 4*f = 237 + u. What are the prime factors of f?
2, 5, 7
Let b(a) = -a**3 + 14*a**2 - 11*a + 5. Suppose 13*x - 14*x + 13 = 0. What are the prime factors of b(x)?
31
List the prime factors of (-16)/(-88) + (-92)/22 + 2217.
2213
Suppose -3*c + 8 = -22. Let x be c/(-4)*8/(-10). Let o = 24 - x. List the prime factors of o.
2, 11
Let p = 105 + -100. Suppose p*x - 40 = 885. What are the prime factors of x?
5, 37
Let i(o) be the second derivative of -9*o**5/20 - o**4/3 - o**3/6 + 5*o**2/2 + 14*o. List the prime factors of i(-3).
5, 43
Let x(m) be the second derivative of 13*m**3/6 + 7*m**2 + 16*m. List the prime factors of x(6).
2, 23
List the prime factors of ((-6489)/105)/((-1)/5).
3, 103
Suppose -4*t = -3 + 35. What are the prime factors of (-106)/8*5/10*t?
53
Let w be 14/(-6) + 2/6. List the prime factors of ((-4)/w)/((-4)/(-264)).
2, 3, 11
Suppose 9*b = 19*b - 270. List the prime factors of 6/b - 102/(-27).
2
Let c(z) = 2*z**3 - 13*z**2 + 14*z - 4. Let d = 48 + -42. List the prime factors of c(d).
2, 11
Let p(c) = c**3 - 3*c**2 - 2*c + 6. Let x be p(4). Let d = 16 - x. Suppose 5*a + 4*m - 113 = 0, -d*m = -0*m - 4. List the prime factors of a.
3, 7
Let c(b) = 715*b - 79. What are the prime factors of c(3)?
2, 1033
Let c be (-15)/(525/(-10)) - (-24)/14. Suppose 0 = -3*m + 5*o + 255, m + c*o - 7*o = 85. List the prime factors of m.
5, 17
Let r = 16 + -8. Let s be 6/r + (-175)/20. Let c(d) = -d**2 - 9*d + 13. What are the prime factors of c(s)?
3, 7
Suppose -112 = -w + 711. What are the prime factors of w?
823
Let w(q) = -q**2 + 27*q - 2. Let g be w(17). What are the prime factors of g/2*52/78?
2, 7
Suppose 56*k = 50*k + 9750. List the prime factors of k.
5, 13
Let k(f) = 4*f + 12. List the prime factors of k(10).
2, 13
Let p(h) = -550*h + 6. What are the prime factors of p(-2)?
2, 7, 79
What are the prime factors of ((-440)/(-20))/((1/6)/1)?
2, 3, 11
Let c(q) = -102*q + 46. What are the prime factors of c(-6)?
2, 7, 47
List the prime factors of ((-6)/4)/((-36)/(-18))*-2532.
3, 211
Let g(t) = t + 7. Let q(o) = o**2 - 3*o + 2. Let x(b) = -2*b**2 + 5*b - 5. Let r(m) = -5*q(m) - 2*x(m). Let z be r(5). What are the prime factors of g(z)?
7
Let y(r) = 5*r - 1. Let t be y(-2). Let c(o) = -3*o + 13. Let p(q) = q - 7. Let u(l) = t*p(l) - 6*c(l). List the prime factors of u(3).
2, 5
Let o = 38 - 63. Suppose -u + 5*w = 33, -3*w = 2*u - 4*w + 30. Let m = u - o. What are the prime factors of m?
2, 3
Suppose -h = -21 - 1. Suppose 2*l - 112 = -5*q, 0*q + q - 26 = -4*l. Let x = h + q. What are the prime factors of x?
2, 11
Suppose 2*a - 161 = -a - 2*u, 2*a = -5*u + 122. Let w = 67 - a. List the prime factors of w.
2
Let o be 14/7 - 6/(-2). Suppose 0 = y - o*g - 7 - 19, -3 = 2*y + g. What are the prime factors of 20 + -13 + (2 - y)?
2
Let g(r) = r**2 - 2*r + 80. Let f(j) = -2*j**2 - 10*j - 8. Let u be f(-4). Let z be g(u). Suppose 2*c + z = 7*c. List the prime factors of c.
2
Let y(r) = -214*r - 83. List the prime factors of y(-5).
3, 7, 47
Suppose 684*o = 681*o + 345. What are the prime factors of o?
5, 23
Let b(c) = 123*c + 151. What are the prime factors of b(8)?
5, 227
Let o(n) = -56*n + 59. What are the prime factors of o(-7)?
11, 41
Let s(d) = d. Let u(i) = 12*i - 1. Let k(w) = 2*s(w) - u(w). Let c(l) = l**2 - 3*l - 1. Let p be c(3). List the prime factors of k(p).
11
Let r = 234 - -909. List the prime factors of r.
3, 127
Let g = 158 + -61. What are the prime factors of g?
97
Let f = 12 + -8. Suppose -f*d = 2*o + 16 - 4, 3*o + 2*d + 2 = 0. Let s(p) = 9*p**2 + 2*p. List the prime factors of s(o).
2, 5
Suppose -5*m = z - 1323, 524 = -m + 3*m + 3*z. List the prime factors of m.
5, 53
Let c(i) = 29*i + 22. Let h be (30/(-9) - 6/36)*-2. What are the prime factors of c(h)?
3, 5
Suppose 0 = -u + 5*j + 1123, -3*u + 5*j + 2423 + 946 = 0. List the prime factors of u.
1123
List the prime factors of ((-6 - -694)*1)/1.
2, 43
Suppose -8*q + 18*q + 40 = 0. What are the prime factors of (-91)/q + (20/16 - 1)?
23
Let a = 493 + -55. What are the prime factors of a?
2, 3, 73
Suppose -2*w = -5*c + 48 + 3, -5*c - w = -42. Suppose c*k - 280 = 5*k. What are the prime factors of k?
2, 5, 7
What are the prime factors of 3*(-1096)/(-6) + (-24)/(-12)?
2, 5, 11
Let l be 0/1 + (-2 - (0 + -2)). Suppose 40 = -l*q + q. What are the prime factors of q?
2, 5
Suppose -5*v = -4*l - 21, 4*l - 1 = -4*v - 13. List the prime factors of (-113)/((-4 + 6)/(v*-2)).
113
Let k = 60 - -713. List the prime factors of k.
773
Suppose 0 = 3*z - 0*z - 822. List the prime factors of z.
2, 137
Suppose 6*o - 2*o = -4. Suppose 0 = p - 0 - 4. List the prime factors of 23 + p*o/(-2).
5
Suppose 0 = -9*x + 11*x + 4. List the prime factors of 6 + x + 114 + 11.
3, 43
Suppose 5*d + 5*f - 335 = 0, 5*f - 186 = -3*d + 13. Let y = 3 - 0. Suppose -y*p + 2*p - 5*a = -37, 2*p = -4*a + d. List the prime factors of p.
2
Let x(n) = 221*n + 226. What are the prime factors of x(7)?
3, 197
Let k(a) = a**3 + 2*a**2 - 5*a - 4. Let s be k(-3). Suppose -2*q - 3 = s*n - 45, 3*n + 5*q = 61. List the prime factors of n.
2, 11
What are the prime factors of -696*-1*70/21?
2, 5, 29
Let n be (-1)/(-5) + 31152/165. Suppose v = 4*v - n. What are the prime factors of v?
3, 7
Let x = -28 + 24. What are the prime factors of (-46)/x*10/1?
5, 23
Let n(d) = -5*d**3 - 3*d**2 - 3*d - 1. Let r(l) = -l**3 + l**2 - 1. Let k(c) = -n(c) + 4*r(c). What are the prime factors of k(3)?
2, 3
List the prime factors of -6508*(-2)/4*24/48.
1627
Suppose 576 + 324 = 9*u. Suppose 4*g + 7*c = 3*c + u, -3*c = 9. What are the prime factors of g/21*129/4?
43
Suppose -7*l + 9*l + 3*f - 3 = 0, -4*f = -2*l + 10. Suppose -7*g - 5*h + 252 = -6*g, 3*g + l*h = 756. List the prime factors of g.
2,